 + -3?
3
Let d(h) = -h**2 - 8*h + 13. Suppose 12 = -4*j - 4*v, -6 = -0*v + 2*v. Suppose 2*k + 16 + 0 = j. Calculate the remainder when 34 is divided by d(k).
8
Let q be -26*15/(-12) + (-21)/42. Suppose -2*u + 88 - q = 0. What is the remainder when u is divided by 10?
8
Suppose 0 + 3 = -3*s, 5*j = 4*s + 269. Let y(h) = -h**3 + 14*h**2 - 17*h + 68. What is the remainder when j is divided by y(13)?
5
Let n(y) = 41*y - 6908. Calculate the remainder when 20913 is divided by n(169).
18
Let h(c) = c**2 - 93*c + 1051. Calculate the remainder when h(92) is divided by 74.
71
Let q = 53334 + -18497. What is the remainder when q is divided by 237?
235
Let q = 111 + -113. Let c = -84 - -127. Calculate the remainder when c is divided by (q/18 + 151/(-18))*-2.
9
Suppose 9*v + 54 = 198. Suppose v*l = 980 + 268. What is the remainder when l is divided by 8?
6
Suppose 20*v - 1240 = -104*v. Suppose 0 = 3*p - 3*i - 12, i = -5*p - 0*i - 4. Calculate the remainder when p + 69 - (1 - -1) is divided by v.
7
Suppose -13*w + w = 60. Let l be 4*(36/60)/(4/w). What is the remainder when 9 is divided by l + 1 - (-9 - -1)?
3
Let w = 377 + -773. Let m = w - -610. Calculate the remainder when m is divided by 54.
52
Suppose 0 = 4*z + 4 - 12. Suppose -j - z*j = -60. Let b = 2330 + -2293. Calculate the remainder when b is divided by j.
17
Suppose 0*b - 4*b - 874 = 2*o, 5*o + b = -2230. Let p = o + 643. Calculate the remainder when p is divided by 50.
46
Let z(i) = -10*i. Let a be z(-15). Suppose 2*c - a = 3*f, 4*c + 5*f + 226 = 7*c. Calculate the remainder when c is divided by 15.
12
Suppose -d + 16 = -4*u, -3*d + 28*u = 32*u. Calculate the remainder when 134 is divided by 86*(6 - d)/4.
5
Let j = 139 - 88. Suppose -2*o + 4*o - 283 = -5*f, -o - j = -f. Calculate the remainder when f is divided by 15.
10
Let i = -376 + 496. Suppose -2*j - 3*s + 50 = -15, 4*j - i = 4*s. What is the remainder when j is divided by 12?
7
Suppose -6*i - 27 = -9. Calculate the remainder when 12 is divided by 3 - (i + -3 + 0).
3
Let w = -1221 + 1891. Suppose -3*c + 0*c + w = v, -v + 1118 = 5*c. Suppose -5*b = 0, -n + c - 51 = 2*b. Calculate the remainder when n is divided by 35.
33
Let i(x) = -x**3 + 5*x**2 - 5*x + 2. What is the remainder when i(3) is divided by 196/(-294) - (92/(-12) + 2)?
0
Let h = 13452 - 13399. Calculate the remainder when 2434 is divided by h.
49
Suppose -2*m + 344*y + 54 = 342*y, 2*y - 48 = -m. Let s = -10 - -15. Calculate the remainder when 267/2 + s/10 is divided by m.
32
Suppose 0*c - 8 = 2*c - 4*w, -c = 3*w - 21. Calculate the remainder when c/21*13384/8 is divided by 96.
94
Let f(a) = -30*a - 338. What is the remainder when 898 is divided by f(-21)?
22
Calculate the remainder when 78898 is divided by 1/((100/240)/5).
10
Suppose -3*h + 20 - 5 = 0. Let c be 3 + -2 + -2 + (h - -38). Suppose 18 = -40*i + c*i. Calculate the remainder when 52 is divided by i.
7
Let w be 371/5 - (-4)/(-20). Let b = -42 + w. Suppose -3*c + 60 = i, -4*i + 214 = c - 37. Calculate the remainder when i is divided by b.
31
What is the remainder when (-936)/(-780) - (-4989)/5 is divided by 116?
71
Let x be (8 - 4)/(2/107). Let m = -151 + x. Let w(y) = -y**2 + 10*y + 280. What is the remainder when m is divided by w(22)?
15
Suppose 0 = 7*x + 627 - 1754. Calculate the remainder when 494 is divided by x.
11
Suppose -2*q - 5*m + 32 + 4 = 0, -3*q + 5*m = 21. Calculate the remainder when 519 is divided by q.
0
Let j = -334 + 143. Let t = -148 - j. What is the remainder when 214 is divided by t?
42
Let j(l) = l**3 + 7*l**2 + 3*l - 8. Suppose 61 = 5*n + v - 188, -4*v + 65 = n. Calculate the remainder when n is divided by j(-6).
9
Suppose -r + 4*q + 168 = -97, 5*r - 4*q - 1325 = 0. What is the remainder when (r/10)/(1/2) is divided by 8?
5
Calculate the remainder when (42770/52)/(-5*2/(-20)) is divided by 39.
7
Let h be -156*(0 - 203/14). Suppose 0 = -17*b + 4*b + h. Calculate the remainder when b is divided by 22.
20
Let r(y) = -2*y + 24. Let u be r(10). Suppose g + u*g + 3*d - 157 = 0, 123 = 4*g + 5*d. Suppose 47*b = 45*b + g. What is the remainder when 43 is divided by b?
11
Let p be ((-1)/3)/(56/(-1344)). Suppose n - 14 = p. What is the remainder when 148 is divided by n?
16
Let j be -12 + (-11326)/(-56) + 3/4. Suppose j + 169 = 10*b. What is the remainder when b is divided by 18?
0
Let n = 34 + -24. Suppose -t - 4 + 2 = 0, 0 = k + 5*t - 5. Calculate the remainder when k is divided by n.
5
Let d(p) = -p**2 + 18*p - 21. Let r be d(11). Let n be (-14)/r - 21/(-4). Let q(k) = 4*k**2 - 5*k - 6. What is the remainder when q(n) is divided by 18?
15
Suppose -74*u + 71610 = 236*u. Calculate the remainder when 317 is divided by u.
86
Let k = -25879 - -25928. Let b(r) be the first derivative of 4*r**3/3 - r**2 - 3*r + 1. What is the remainder when k is divided by b(-2)?
15
Let g(y) = y**3 - 73*y**2 + 68*y + 291. What is the remainder when ((-2)/3)/(5/(-30)) is divided by g(72)?
1
Suppose 5*j + 69 - 34 = 0. What is the remainder when 174 is divided by (10/3)/(j/(-126))?
54
Let d(f) = f**3 + 3*f**2. Let l be d(-1). Suppose -3*t + l*c + 35 = -11, -4*t + 5*c = -52. Calculate the remainder when 215 is divided by t.
17
Suppose c + 5*c = -c + 2289. Let s(u) = u**2 - 6*u + 3. Calculate the remainder when c is divided by s(9).
27
Suppose -2*z + 2*v = -82, 0*z + 176 = 4*z - v. Suppose -28*r + 2967 = -25*r. Calculate the remainder when r is divided by z.
44
Let m(l) = -2*l**3 - 21*l**2 - 2*l + 49. Let s be m(-9). Calculate the remainder when (-3 + 1 + -2)/(s/1496) is divided by (3/(-4))/((-2)/24).
7
Suppose 22*g - 27*g + 15 = 0. Let s(o) = -o**3 + 4*o**2 - 3*o + 7. Let l be s(g). Suppose -n - 270 = -l*n. Calculate the remainder when n is divided by 16.
13
Let n be ((-2 - -21) + -1)*(-3 + 6). Suppose 11*g - n = 8*g. Calculate the remainder when 195 is divided by g.
15
Suppose 0 = -89*r + 107*r - 1728. What is the remainder when 267 is divided by r?
75
Let s = -14988 + 14995. What is the remainder when 1771 is divided by s?
0
Let h(l) = -5*l + 102. Let u be h(15). Calculate the remainder when 68 is divided by (u - 6/3) + (14 - 17).
2
Calculate the remainder when 1 + 0 + -1465*(-10)/50 is divided by 13.
8
What is the remainder when -6 - -4 - (93 + 0)/(40/(-280)) is divided by 77?
33
Suppose 4*i + 12 = -5*b + 202, 4*b - 192 = -4*i. Calculate the remainder when 1291 is divided by i.
41
Let n be (-2)/13 + 88480/182. Let p = -381 + n. What is the remainder when p is divided by 10?
5
Let b(c) = -15*c + 13. Calculate the remainder when b(-12) is divided by (-9)/96*-8*52.
37
Suppose 3*g + 4*w + 388 = 2040, 3*w = -3. What is the remainder when g is divided by 40?
32
Let s(t) = -t**2 + 3*t + 75. Let a be s(0). Let w be -2 + 4510/a + 4/(-30). Let q = w - 24. Calculate the remainder when 200 is divided by q.
30
Let a(j) = 6*j + 15. Let v be a(8). Let f = 939 + -908. Calculate the remainder when ((-40)/(-6))/(7/v) is divided by f.
29
Suppose -4*g + 3 + 1 = 2*i, 5*g = 0. Suppose 3*t + 2 = 2*t. What is the remainder when (-3 - (2 + t)) + i - -36 is divided by 9?
8
Let m = -3662 - -3674. Suppose -51 - 101 = -2*o. What is the remainder when 35 is divided by o/m*(4 - 1)?
16
Suppose -3*h + 147 = -5*g + 683, 0 = -4*g - h + 439. Let k(l) = 2*l**2 + 2*l - 2. Calculate the remainder when g is divided by k(2).
9
Let c be 1 + ((-2)/2 - -1). Let a = 730 + -551. Calculate the remainder when (a + -5)*c/3 is divided by 30.
28
Suppose -1340 = -5*b + 5*s, 0 = -b + 88*s - 91*s + 276. What is the remainder when b is divided by 44?
6
Let b(w) = 72*w - 176. Let c(q) = 21*q + 2. Let k(j) = -j - 1. Let m(a) = c(a) + k(a). What is the remainder when b(3) is divided by m(1)?
19
Calculate the remainder when 0 - -748 - 0 - (3 + -11) is divided by 69.
66
Suppose c + 0*c - 15 = 0. Suppose -2*i - k + 177 = 0, -8*i = 14*k - 12*k - 710. What is the remainder when i is divided by c?
14
Let w = -1761 - -5409. Suppose 6*g - 8*g + w = 0. What is the remainder when ((-8)/18)/(-2) - g/(-54) is divided by 7?
6
Let j(m) = -m**2 - 7*m - 48. Let y be j(-12). Let u = y - -175. What is the remainder when u is divided by 2/(-3) + 426/18?
21
Suppose 0 = -o - 2*s - 35, 0 = 5*o - 5*s + 60 + 55. Let a = o - -93. What is the remainder when a is divided by 155/9 + (-2)/9?
15
Let p(a) = -280*